actors of ((-119288)/310)/(-1*(-5)/(-100)).
2, 13, 37
Suppose z + 18 = -0*h + 4*h, -6 = -h + z. Suppose 0 = r + h - 22. Let s = r + 17. What are the prime factors of s?
5, 7
Let h be ((-2)/4)/((-1)/8). Suppose h*p - 4*n + 1 = 21, 0 = 5*p - 2*n - 10. What are the prime factors of ((-4)/(-10) - p)/(1/460)?
2, 23
Let v(a) = -a**3 - a**2 - 2. Let p(o) = -4*o**3 - 8*o**2 - 10*o - 35. Let w(j) = p(j) - 6*v(j). List the prime factors of w(8).
13, 61
Suppose 7*o - 15*o = -48. Suppose 32*w = 26*w + 36. Suppose o*l - 492 = -w*l. List the prime factors of l.
41
Suppose 40*c = 23*c + 68. Suppose -c*l - l + 1615 = -4*y, 3*l + 5*y - 969 = 0. What are the prime factors of l?
17, 19
Let b be ((-324)/90)/((-3)/10). Suppose 8136 - 2028 = b*w. What are the prime factors of w?
509
Suppose 0 = -3*h + u + 47247, -5*u = -h + 26606 - 10843. List the prime factors of h.
2, 31, 127
Suppose 3*x + 73 = -5*s, 57 = -s - 3*s - x. Let h(f) = 14*f + 10. Let r(l) = -14*l - 11. Let w(j) = 4*h(j) + 5*r(j). What are the prime factors of w(s)?
181
Let g = 1817 + 56. What are the prime factors of g?
1873
Suppose -16*u + 645172 = u + 5*u. What are the prime factors of u?
2, 11, 31, 43
Let k be 1/8*22 - (-49)/196. Suppose -2*x - x - 3*p = -882, k*p = -4*x + 1178. What are the prime factors of x?
2, 37
Let j be ((-7)/5 + 3)/((-3)/(-30)). Suppose j*a - 37265 + 13857 = 0. What are the prime factors of a?
7, 11, 19
Let d(u) = -5884*u - 149. What are the prime factors of d(-1)?
5, 31, 37
Suppose -18 = 4*i - 6*i. Let v be i*((-5)/3 - -3). What are the prime factors of (-180)/(-16) + 9/v?
2, 3
Let j = -1594 + 1642. Let w be (-17)/5 + (-4)/(-10). What are the prime factors of j + -7 - ((-24)/2)/w?
37
Let p = 1461 - 1453. Let j(l) = -481*l**2 - 2*l. Let a be j(-2). List the prime factors of a/(-9) + p/12.
2, 107
What are the prime factors of (((-91)/(-39))/((-4)/5812))/(5/(-15))?
7, 1453
Let u(l) = -247*l + 3. Let g be ((-84)/(-7))/(-3)*1/2. What are the prime factors of u(g)?
7, 71
Let z be ((-2136)/30)/((-5)/(-25)). Let t = z + 932. List the prime factors of t.
2, 3
Let q = 4825 + -4528. What are the prime factors of q?
3, 11
Let p(r) = 35*r**2 + 211*r - 4661. List the prime factors of p(42).
23, 47, 61
Let z be -1 - ((-36)/27)/((-6)/3573). Let u = -479 - z. What are the prime factors of u?
2, 79
Let m = -3961 - -20226. List the prime factors of m.
5, 3253
Let s(a) = -28*a - 35. Suppose 8*y - 15*y = 49. What are the prime factors of s(y)?
7, 23
Let s(z) = -10 + 8 - 4*z - 11*z**2 - z**2. Let n be s(-1). List the prime factors of (-48)/80 + (-646)/n.
2
Let c = 328 - 313. Suppose -5*p = -c, 9*g - 13*g + 3*p = -2079. What are the prime factors of g?
2, 3, 29
Let n(o) = 78*o**3 + 2*o**2 - 20*o + 18. Let m be n(1). Suppose -84*s = -m*s - 2850. What are the prime factors of s?
5, 19
Let o(y) be the first derivative of 14*y**2 + 1. Let k be o(2). Let l = 123 - k. What are the prime factors of l?
67
Let q = -50 + 50. Let l = 5 - q. Suppose 0*s + 186 = 2*r + l*s, 0 = 5*s - 10. List the prime factors of r.
2, 11
Let m = -5216 - -22784. Suppose -34*b + m = 2*b. List the prime factors of b.
2, 61
Suppose 4*h = -3*d + 2, -3*h - d + 8 = -2*d. Suppose 37 = 4*n + 3*f, -h*f - 32 = n - 4*n. Suppose -4*t = -n*t + 168. What are the prime factors of t?
2, 7
Suppose 3*a - 4*v - 52 = 0, -3*v + 2*v = -3*a + 67. Suppose 0 = a*u - 3*u - 24360. What are the prime factors of u?
2, 5, 29
Suppose -147*t + 94*t + 144582 = -490464. List the prime factors of t.
2, 3, 1997
Let o(p) = -1536*p - 3478. List the prime factors of o(-27).
2, 11, 157
Let l(a) = -11*a**3 - 4*a**2 + 2*a + 4. Let j be l(-4). Let k = -198 + j. Suppose -k = -4*f + 218. What are the prime factors of f?
2, 41
Let m = -87 + -255. List the prime factors of (38 - 34)*m/(-8).
3, 19
Let l(g) = -5*g**2 + 67*g - 24. Let w be l(13). Suppose -6*f + 8*f = 3*q - 83, w*f = -q + 41. What are the prime factors of q?
31
Let c(p) = p**3 - 13*p**2 + 11*p + 15. Let i be c(12). Suppose 4*t - 2*j = 2768, 5*j + 1898 + 171 = i*t. What are the prime factors of t?
3, 7, 11
Suppose -833 + 29 = -2*v. Suppose -v = -8*o + 190. What are the prime factors of o?
2, 37
Suppose 5*p - 2*l + 33 = -3*l, -5*l - 3 = -2*p. Let f be (30/(3 + p))/(4 + -6). Suppose 242 = f*w + 3*o - 40, 0 = o + 1. What are the prime factors of w?
3, 19
Suppose -40*p - 86814 = -20*p - 29*p. List the prime factors of p.
2, 7, 13, 53
List the prime factors of (14/14)/(2 + -162*(-403)/(-32644)).
2, 8161
Let h(q) = -62*q + 2768. Let f be h(55). Suppose -n + 101 = -803. Let v = n + f. List the prime factors of v.
2, 131
Let x = 105 - 102. Suppose -1313 - 3502 = -5*k - 5*l, 2883 = 3*k - x*l. What are the prime factors of k?
2, 13, 37
Let z be ((-6664)/(-42))/(-17)*(-3)/2. Suppose -6917 = z*b - 27609. List the prime factors of b.
2, 739
Suppose 1496 = 4*h + 2*v, -4*h + 2*h = 2*v - 744. Suppose 2*m = 144 + h. List the prime factors of m.
2, 5, 13
Let c = 17659 - 3505. What are the prime factors of c?
2, 3, 7, 337
Suppose -8 = -2*v - 0*v. Let z(f) = f**3 + 19*f**2 + 37*f + 53. Let r be z(-17). Suppose 0 = r*u - v*u + 126. What are the prime factors of u?
3, 7
List the prime factors of (-10 + (9 - 0))*7/(21/(-7194)).
2, 11, 109
Let u be -6 - -3 - (13 + -22). Suppose -3*t - 7*x + u*x + 2072 = 0, 2*x = -3*t + 2077. List the prime factors of t.
13, 53
Suppose 34*v + 11*v - 13950 = 0. What are the prime factors of (-31)/(v/348)*(-40)/6?
2, 29
Let a(n) = -77*n - 35 - 27 + 13 - 19. What are the prime factors of a(-6)?
2, 197
Suppose 0 = -6*f + 18 - 6. Suppose f*c - 8*c = -2172. Let j = -184 + c. What are the prime factors of j?
2, 89
Suppose -44*g + 1010593 = 33*g + 170754. List the prime factors of g.
13, 839
Suppose 0 = 26*u - 7839 - 7657. Let m = u - -475. What are the prime factors of m?
3, 7, 17
Suppose -21 = -a - 4*r, 4*a = 3*a - 5*r + 24. Suppose -8*h + a = -5*h. Suppose -h*p - 306 = x - 4*x, 4*x - p = 408. List the prime factors of x.
2, 3, 17
Suppose q - 5482 = -3*d + 55241, 4*q = -5*d + 242836. List the prime factors of q.
3, 20233
Suppose -90 = -10*v + 7*v. Suppose -2*u + v = 18. List the prime factors of -1 - (u/(-8))/((-2)/(-48)).
17
Suppose 4*s - 2*f - 28400 = 125124, -4*f + 153548 = 4*s. List the prime factors of s.
131, 293
Let d = -3050 + 7923. List the prime factors of d.
11, 443
List the prime factors of 3 - (-741 + (-9)/9) - 4.
3, 13, 19
Suppose -18*x = -16*x - 62. Suppose -21 = 5*b - x. List the prime factors of ((-45)/(-6))/((-3)/(-12)*b).
3, 5
Let v = -93 - -36. Let l = v - -64. Suppose l*b = -0*b + 1778. List the prime factors of b.
2, 127
Suppose 0 = -152*v + 79*v + 303315. List the prime factors of v.
3, 5, 277
Let d be 5/((-30)/(-4))*6. Suppose 0 = 2*y + d*f - 142, 5*y = y - 2*f + 278. Suppose 0 = 10*a - 529 + y. List the prime factors of a.
2, 23
Let f(y) = -3*y**3 + 3*y**2 + 6*y + 3. Let t be f(-1). Suppose 4*d - n + 4*n = 491, -607 = -5*d + t*n. What are the prime factors of d?
2, 61
Suppose -5*d + 4*d = 0. Suppose d = -92*z + 87*z + 1265. What are the prime factors of z?
11, 23
Suppose -3*p - 5*z = -2*p - 266, -4*z = -p + 311. Suppose -a + 3*h = -0*h + p, -2*a - 4*h - 542 = 0. Let f = a + 493. List the prime factors of f.
2, 107
Let k be 252/(3 - (3300/104)/11). Suppose 0 = -19*u + 26*u - k. List the prime factors of u.
2, 3, 13
Suppose -2*c = 136 - 780. Suppose 316*a - c*a + 5748 = 0. What are the prime factors of a?
2, 479
Let q = -39 - -41. Suppose 2*l + 5*h - 13 = 0, q = -4*l + 2*h + 16. Suppose 5*k + 5*c - 110 = 0, -2*c + l*c = -5*k + 98. List the prime factors of k.
2, 3
What are the prime factors of 1486160/130 + 18/3?
2, 7, 19, 43
Suppose -2*i + 8093 = -5*d, -i + 10*d = 12*d - 4069. What are the prime factors of i?
3, 11, 41
Let l(j) = -j + 13. Let n be 3/(-7) - 2370/(-42). Suppose 15 = -5*z + 4*f, -3*z - 4*f + 15 = n. What are the prime factors of l(z)?
2, 5
Let z(h) = h + 7. Let d be z(-6). Let g(k) = -23*k + 7. Let n(o) = 2*o - 1. Let w(m) = -g(m) - 5*n(m). What are the prime factors of w(d)?
11
Suppose 3*z - 4*f = 7, -2 = -2*z + 4*f + 4. Let h be (2 + 4 + -8)/(z/12). Let c = 70 - h. List the prime factors of c.
2, 47
Suppose -65*d + 18 = -59*d. List the prime factors of 3/((-2538)/852 + d).
2, 71
Let c be ((-76)/(-6))/((-4)/(-6)). Let w = 18 + c. Suppose -4*b - 2*h = -312, -2*b - 3*